he highest common factor of 5 and 7895.
5
What is the greatest common divisor of 1984 and 4898?
62
Calculate the highest common divisor of 11767 and 1722.
287
What is the highest common divisor of 231 and 1491?
21
What is the highest common factor of 500 and 60?
20
Calculate the highest common divisor of 1690 and 10.
10
What is the greatest common divisor of 3861 and 715?
143
What is the greatest common factor of 15 and 135?
15
Calculate the greatest common factor of 4753 and 194.
97
What is the highest common factor of 42 and 567?
21
Calculate the highest common divisor of 900 and 23850.
450
What is the highest common divisor of 104 and 12480?
104
Calculate the greatest common factor of 4 and 250.
2
What is the highest common factor of 15390 and 45?
45
Calculate the highest common divisor of 4998 and 147.
147
Calculate the highest common factor of 85 and 19295.
85
What is the highest common factor of 34 and 7905?
17
What is the greatest common factor of 11 and 979?
11
What is the highest common factor of 1010 and 40?
10
What is the greatest common factor of 147 and 357?
21
Calculate the highest common factor of 418 and 19.
19
Calculate the highest common factor of 26 and 2197.
13
What is the highest common divisor of 279 and 31?
31
What is the greatest common factor of 994 and 28?
14
What is the highest common divisor of 3910 and 414?
46
What is the highest common divisor of 7176 and 18?
6
Calculate the highest common divisor of 17 and 17.
17
Calculate the greatest common divisor of 27 and 96.
3
Calculate the greatest common factor of 1968 and 3075.
123
Calculate the greatest common divisor of 1199 and 436.
109
Calculate the greatest common divisor of 585 and 78.
39
Calculate the greatest common divisor of 10 and 40.
10
What is the greatest common divisor of 10 and 290?
10
Calculate the highest common factor of 26 and 247.
13
What is the highest common factor of 459 and 51?
51
What is the highest common divisor of 7530 and 30?
30
What is the greatest common factor of 12 and 2004?
12
Calculate the highest common divisor of 60 and 330.
30
What is the highest common divisor of 6554 and 678?
226
What is the highest common factor of 2875 and 23?
23
Calculate the greatest common divisor of 27 and 6732.
9
What is the greatest common factor of 6 and 42?
6
What is the greatest common divisor of 52654 and 14?
14
What is the greatest common divisor of 42 and 84?
42
Calculate the greatest common divisor of 12367 and 149.
149
Calculate the greatest common factor of 32 and 1312.
32
What is the highest common factor of 15 and 9645?
15
Calculate the greatest common divisor of 35 and 21.
7
Calculate the highest common factor of 63 and 22617.
63
What is the greatest common divisor of 2075 and 25?
25
What is the highest common factor of 49 and 2331?
7
Calculate the greatest common divisor of 56 and 392.
56
What is the greatest common factor of 162 and 6?
6
Calculate the greatest common factor of 1492 and 8.
4
Calculate the highest common factor of 2225 and 25.
25
Calculate the greatest common factor of 12 and 52.
4
Calculate the highest common factor of 805 and 4970.
35
Calculate the greatest common divisor of 20174 and 308.
154
Calculate the greatest common factor of 119 and 2720.
17
What is the greatest common factor of 11990 and 109?
109
Calculate the greatest common divisor of 31 and 1.
1
Calculate the greatest common factor of 1560 and 75.
15
What is the greatest common divisor of 4977 and 63?
63
Calculate the greatest common divisor of 126 and 35658.
126
What is the highest common factor of 656 and 41?
41
What is the greatest common divisor of 24 and 424?
8
Calculate the highest common divisor of 76 and 703.
19
What is the greatest common divisor of 28 and 100072?
28
Calculate the highest common factor of 1845 and 90.
45
What is the greatest common divisor of 7623 and 1071?
63
What is the highest common divisor of 53 and 848?
53
Calculate the greatest common divisor of 1055 and 10.
5
Calculate the highest common factor of 7 and 1918.
7
Calculate the greatest common divisor of 32 and 13088.
32
Calculate the greatest common factor of 18624 and 36.
12
What is the greatest common factor of 281 and 1?
1
Calculate the highest common divisor of 2080 and 96.
32
What is the greatest common factor of 594 and 22?
22
Calculate the highest common factor of 40 and 70.
10
Calculate the greatest common factor of 245 and 2401.
49
Calculate the highest common factor of 355 and 85.
5
Calculate the greatest common divisor of 19377 and 18.
9
Calculate the highest common divisor of 1258 and 1598.
34
Calculate the highest common factor of 6118 and 70.
14
Calculate the highest common factor of 162 and 47466.
162
What is the highest common factor of 18 and 70938?
18
What is the greatest common factor of 4313 and 38?
19
Calculate the highest common divisor of 387 and 1419.
129
Calculate the highest common factor of 4 and 1080.
4
Calculate the highest common divisor of 413 and 7.
7
What is the greatest common factor of 10287 and 1397?
127
Calculate the greatest common factor of 8 and 968.
8
What is the greatest common factor of 11 and 3047?
11
What is the highest common factor of 46 and 322?
46
Calculate the greatest common divisor of 112 and 2168.
8
Calculate the greatest common factor of 675 and 4860.
135
Calculate the highest common divisor of 144 and 16.
16
What is the highest common factor of 1957 and 19?
19
What is the greatest common divisor of 324 and 756?
108
Calculate the greatest common factor of 850 and 34.
34
Calculate the greatest common divisor of 20 and 3660.
20
What is the highest common divisor of 358 and 11456?
358
Calculate the greatest common divisor of 45 and 7815.
15
Calculate the greatest common divisor of 13 and 13117.
13
Calculate the greatest common divisor of 414 and 54.
18
Calculate the greatest common divisor of 18 and 48.
6
What is the greatest common factor of 102 and 68?
34
Calculate the greatest common divisor of 70 and 140.
70
Calculate the greatest common factor of 4531 and 23.
23
What is the greatest common factor of 8957 and 169?
169
Calculate the greatest common divisor of 176 and 176.
176
Calculate the highest common factor of 63 and 14.
7
What is the highest common factor of 12 and 492?
12
What is the highest common factor of 1547 and 91?
91
What is the greatest common factor of 200 and 2260?
20
Calculate the greatest common divisor of 493 and 68.
17
What is the highest common divisor of 738 and 574?
82
Calculate the highest common factor of 689 and 91.
13
What is the highest common factor of 105 and 546?
21
Calculate the greatest common divisor of 22 and 58.
2
Calculate the highest common divisor of 15050 and 25.
25
Calculate the greatest common divisor of 154 and 252.
14
Calculate the highest common divisor of 15 and 3495.
15
Calculate the greatest common factor of 3317 and 62.
31
What is the greatest common factor of 12 and 1056?
12
Calculate the highest common divisor of 31306 and 22.
22
Calculate the highest common divisor of 48 and 1104.
48
What is the highest common factor of 7 and 21?
7
Calculate the highest common divisor of 22149 and 207.
207
Calculate the highest common divisor of 11 and 902.
11
Calculate the highest common factor of 5 and 170.
5
Calculate the greatest common divisor of 15 and 275.
5
Calculate the greatest common factor of 3535 and 140.
35
Calculate the greatest common factor of 1850 and 100.
50
What is the greatest common factor of 57 and 10317?
57
What is the greatest common divisor of 160 and 1180?
20
Calculate the greatest common factor of 204 and 624.
12
Calculate the highest common divisor of 3094 and 2366.
182
What is the highest common factor of 42 and 777?
21
What is the greatest common factor of 6 and 66?
6
Calculate the greatest common divisor of 242 and 2783.
121
Calculate the greatest common factor of 500 and 300.
100
What is the highest common factor of 1469 and 226?
113
What is the greatest common divisor of 8232 and 42?
42
Calculate the highest common divisor of 75 and 165.
15
Calculate the highest common factor of 27 and 171.
9
Calculate the highest common divisor of 154 and 66.
22
Calculate the highest common divisor of 91 and 143.
13
What is the highest common factor of 576 and 99?
9
What i